- 4*y**2 - 3. Determine i(9).
7
Let u(a) = -a**3 + 16*a**2 + a - 18. Suppose 107 = n + 119. Let l be 756/45 - n/(-15). Give u(l).
-2
Let d(t) be the first derivative of 2*t**3/3 - 15*t**2 + 12*t - 446. Calculate d(14).
-16
Suppose 4*z - 16 = 0, -4*u + 44*z - 48*z = -40. Let t(l) = -l**3 + 7*l**2 + 6. Calculate t(u).
42
Let h(c) be the first derivative of 2*c**3/3 - 11*c**2 - 6*c - 1723. Give h(12).
18
Let b(h) be the second derivative of h**3/6 + 7*h**2/2 + 459*h + 1. Give b(9).
16
Let l = -1378 - -1376. Let d(v) = -20*v**2 - 2*v - 4. Give d(l).
-80
Let k(s) = -8 + 10 - s - 3. Let q(d) = d + 1 - 2 + 0 + 2. Let j be q(2). Give k(j).
-4
Let c = 94062 - 94057. Let t(w) be the first derivative of -w**3/3 + 5*w**2/2 + w - 1. Calculate t(c).
1
Let i(t) = t**3 - 3*t**2 - 2*t - 2. Suppose 3*l + 0*r - 47 = -4*r, 0 = 2*l + 3*r - 30. Suppose -43*s - l = -150. Give i(s).
-8
Suppose -a + 3*r + 3 = 0, -r = 140*a - 137*a - 19. Let h(g) = g**3 - 7*g**2 + 9*g + 12. What is h(a)?
30
Let y(w) = -3*w**2 - 8*w - 8. Let u(b) = -6*b**2 - 18*b - 18. Let o(t) = 2*u(t) - 5*y(t). Calculate o(4).
68
Let f(h) be the first derivative of -h**4/4 - 2*h**3 + 7*h**2/2 - 2*h + 3. Let j = 263 - 270. Let y be f(j). Let t(i) = -i**2 - 1. Give t(y).
-5
Let w(b) be the second derivative of 7*b**4/12 - b**3/6 + 2*b**2 + 2264*b. What is w(2)?
30
Let w(r) = -14564*r - 44 + 7282*r - r**3 + 7280*r. What is w(0)?
-44
Let g = -65 + 68. Let r(n) = -5*n**2 - 4 + 4*n**2 + 5 - n - 4*n + g. Determine r(-6).
-2
Let j(x) be the first derivative of x**2/2 + 5*x + 1. Let m(z) be the first derivative of -3*z**4/4 - z**3/3 + 3*z**2/2 - 115. Let p be m(0). Calculate j(p).
5
Let a(v) = v**3 - 4*v**2 - 3*v - 1. Let x be a(5). Let n(h) = 3 - 2*h + 4*h - 16 + h. What is n(x)?
14
Suppose 6 = -0*v - 2*v - 2*r, -2*r = -5*v + 20. Let n(y) = -6*y + 10 - y**v + 20*y - 15*y. Calculate n(-7).
-32
Let s(z) = 5*z**2 - 289*z + 32. Let r(j) = j**2 - 47*j + 1. Let o(d) = -6*r(d) + s(d). What is o(-9)?
8
Let z(w) = 11*w - 2. Suppose 4*k = -4*f - 1092, f - 1 = 1. Let c = k - -277. Calculate z(c).
20
Let l(p) be the third derivative of -p**6/120 + 7*p**5/60 - p**4/4 - 11*p**3/6 - p**2 + 480*p. Determine l(6).
-11
Let l(p) = -15*p + 35. Let i(d) = 74*d - 164. Let c(s) = 3*i(s) + 14*l(s). Calculate c(4).
46
Suppose 13*d - 6 = 10*d. Let j(v) = v**d - 5*v - 3*v + 13*v - 6*v. Let b be ((-3)/(-6))/((-1)/4). Calculate j(b).
6
Let a(c) = 6 - 7 + 35*c**3 - 4*c - 2*c - 5 - 34*c**3 + 4*c**2. Calculate a(-5).
-1
Let t be 20 - (-53)/(1431/(-270)). Let n(d) be the second derivative of -d**5/20 + 11*d**4/12 - 5*d**3/3 + 3*d**2 - 2*d. What is n(t)?
6
Let t(i) be the second derivative of -3*i**5/5 - i**4/6 + i**3/6 + i**2/2 - 1604*i. Give t(1).
-12
Let b(q) = -71*q - 423. Let t(m) = -3*m**2 - 188*m + 57. Let l be t(-63). Give b(l).
3
Let f be 2*1*-1*(-297)/198. Let v be 1 - 4/f - 364/(-84). Let t(z) = -5*z + 4. Calculate t(v).
-16
Suppose -8*w + 56 = 72. Let a be (-7 + 78/12)*w. Let m(u) = -10*u**2. Give m(a).
-10
Let m(r) = -29*r**2 + 1326*r + r**3 - 695*r - 577*r + 1. Determine m(27).
1
Suppose -33 - 12 + 12 = -3*i. Let a(p) = -p + 15. What is a(i)?
4
Let r(q) = -2*q + 3. Let h be r(5). Let x(g) be the third derivative of 0*g + 2 + 3*g**2 + 1/120*g**6 - 5/6*g**3 + 2/15*g**5 + 1/3*g**4. Calculate x(h).
-12
Let m(p) = 10*p**3 - 51*p**2 - 69*p + 66. Let j(d) = -17*d**3 + 84*d**2 + 115*d - 111. Let i(w) = 7*j(w) + 12*m(w). What is i(25)?
65
Let b = -32 - -35. Let c(s) = -s**2 + 6*s + 3. Let m be c(b). Let p(a) = -a**3 + 11*a**2 + 12*a + 7. Let q be p(m). Let n(v) = v**2 - 6*v + 1. Give n(q).
8
Suppose -3*r + 10 = -y, -4*r + 3*r - 18 = 5*y. Let j(f) = -4*f - 3*f**r + 320 + f**3 - 158 - 156. Determine j(4).
6
Suppose 0 = -5*n - 13*i + 8*i - 5, 5*i + 20 = 0. Suppose 11*a = n*a + 56. Let g(m) = m. Determine g(a).
7
Let d(i) = i**3 + 6*i**2 + 2*i + 3. Suppose -3*l + l + 100 = 0. Let v(b) = b**3 - 2*b**2 + b + 3. Let n be v(2). Let w be (2/(-4))/(n/l). Give d(w).
18
Let j(h) = -18*h - 47. Let d = -78 - -75. Let k be j(d). Let n(b) = 2*b + 4. Let t(o) = 2*o + 4. Let u(a) = -5*n(a) + 4*t(a). Give u(k).
-18
Let b be 4 + 0 + -17 + 8. Let w(p) = -13*p - 29. Calculate w(b).
36
Let y(r) = -r - 1. Let n(b) = b**2 + 8*b + 8. Let v(j) = -4*j**2 + j - 4. Let c be v(-3). Let t = c + 37. Let z be n(t). Calculate y(z).
3
Let l(y) = 0 + 6 + 8 - y**2 - 4. Let z = 52247 + -52247. Give l(z).
10
Let k(t) = -2*t**3 - 101*t**2 - 530*t + 28. Let b be k(-6). Let g(q) = 2*q**3 + 3 + 3*q**3 - 3*q**2 - 4*q**3. Calculate g(b).
19
Let f(b) = -b**3 + 11*b**2 + 12*b - 13. Let m = 3352 - 3340. Determine f(m).
-13
Let p(x) be the first derivative of -2*x**3/3 - x**2/2 - x + 2. Let r = 147 - 149. Let m be r/(-5) - 7/5. Give p(m).
-2
Let i = -135 + 141. Let z(v) = v**3 + 8*v**2 - v - 2. Let x(h) = 2*h**3 + 9*h**2 - 2*h - 1. Let k = -24 - -22. Let l(g) = k*x(g) + 3*z(g). Give l(i).
2
Suppose 2*m + 39 = 3*m. Suppose 0 = 4*w + 43 - m. Let g(v) = -v. Let b(x) = -x - 5. Let q(k) = w*b(k) + 4*g(k). What is q(6)?
-13
Suppose -3*g - 2*g + 6 = -3*n, -4*n - 4*g = -24. Let p(a) = 31 - 8*a - 39 + 2*a**2 - n*a**2. Let v be ((-12)/14)/((-14)/(-98)). What is p(v)?
4
Let u(g) = 25*g**3 + 11*g - 10. Let c be u(1). Let l(t) = -2*t + 26. Calculate l(c).
-26
Let d(n) = -7*n**3 - 357*n**2 - 3*n. Let g(q) = 9*q**3 + 421*q**2 + 4*q. Let z(j) = 7*d(j) + 6*g(j). Calculate z(-5).
35
Let c be (6/10 + 2/5)*2. Suppose -4*n + 16 = -y, 5*y + 6 = c*n - 20. Let f(p) = -3*p + 1. What is f(y)?
13
Let w(t) = -2*t**3 - t**2 - t + 60. Let l(d) = 2*d**3 - 6*d**2 - 121. Let o(b) = l(b) + 2*w(b). Determine o(-5).
59
Suppose -7*s + 5*s - 3*j = -9, -4*j = -s + 10. Let a(m) = 0 + 3 + m**2 - m**3 - 20 - m + 9 + s. Determine a(-2).
12
Let w(a) be the second derivative of 1/3*a**3 + 69*a + 0 + 5/2*a**2. Give w(-4).
-3
Let f(u) = -u**2 - 3*u + 111. Suppose -176 + 1634 = 162*l. Calculate f(l).
3
Let a(j) = -20*j**2 + 2*j - 1. Let z = -12000 + 12001. Determine a(z).
-19
Let k(b) = 7 + 0*b + b + 8. Let f = -88381 + 88370. What is k(f)?
4
Let s(u) = -u**3 + 10*u**2 - 6. Let d be s(10). Let z be (-504)/(-28) + (-1 - -1). Let v(l) = -33*l**2 - 2*l + z*l**2 + 9*l**2 - 3 - l**3. Calculate v(d).
9
Let f(c) = 5*c + 941. Let r(d) = 3*d + 753. Let u(w) = -4*f(w) + 5*r(w). Let x(t) = t**2 + t - 1. Let a be x(-2). Determine u(a).
-4
Suppose -4*g - 15 = 6*i - i, -9 = 4*g + 3*i. Let s(c) be the second derivative of -c**3/3 - 63*c - 2. Give s(g).
0
Let v(z) = -378*z + 33. Let h(l) = -453*l + 32. Let a(y) = -5*h(y) + 6*v(y). What is a(-22)?
104
Let n(c) be the second derivative of c**4/4 - c**3/3 + c**2/2 - 2838*c. What is n(2)?
9
Let i(y) = -2*y**3 + 16*y**2 - 4*y + 17. Let a(b) = 3*b**3 - 24*b**2 + 6*b - 25. Let t(w) = 5*a(w) + 8*i(w). Determine t(8).
-5
Let c(d) be the third derivative of d**6/120 + 3*d**5/20 + d**4/3 - 11*d**3/6 - 4131*d**2. What is c(-9)?
-83
Let p be (2/4)/((-2)/(-20)). Let w(g) = -g**2 + 3*g + 240. Let j be w(-14). Let h(n) = -12 + j*n + 18 - 5 - n**2 - 3 - 3. What is h(p)?
-20
Let i(m) = 127*m**2 + 2*m - 184. Let v(x) = 14*x**2 - x - 1. Let t(o) = i(o) - 9*v(o). Determine t(-20).
5
Let p(d) = 9*d**2 + d - 2. Suppose z - 21 = 5*m, -4*m = 5*z + 64 - 53. Determine p(z).
8
Let y(n) be the second derivative of n**4/6 - n**3/2 - 3*n**2/2 + 23*n. Let f = 4 + -36. Let q = f - -30. Give y(q).
11
Suppose 2*f + k = 2*k + 12, 0 = 3*f - 2*k - 20. Suppose v + 57 = -5*u - 3*v, f*v = u - 3. Let l(q) = q**2 + 9*q + 3. Determine l(u).
3
Let r(b) = -b**3 + 7*b**2 + 7*b + 10. Let x be 58/(-29) - 3*1 - 201. Let o = x + 214. Determine r(o).
2
Suppose -v = -0*v + 8. Let a(f) = -17*f + 18*f - 2 + 1. Let c(n) = -n**2 - 12*n + 5. Let i(b) = -2*a(b) - c(b). Determine i(v).
-19
Let s(u) be the third derivative of 1/3*u**3 + 5*u**2 + 11 + 0*u + 1/24*u**4. What is s(-8)?
-6
Let w(b) = -2*b**2 - 144*b - 1236. Let t be w(-10). Let k(z) be the second derivative of 0 + 5/2*z**2 + 1/12*z**t - 1/2*z**3 + 7*z. Calculate k(4).
9
Let t(f) = f**3 + 5*f**2 - 8*f + 5. Suppose -85*q + 14 = -86*q - 3*i, 5*q = -2*i - 44. Calculate t(q).
-123
Let q(m) = -m**2 - 8*m + 3. Let j(f) = -10*f + 13. Let i be ((-48)/(-15) - 3)/(4/40). Let t be j(i). Determine q(t).
10
Let o(j) = -j**2 - 9*j - 17. Let u(r) = -r**3 - 2*r**2 + 24*r + 33. Let s be u(-5). Calculate o(s).
